{"id":8017,"date":"2020-12-12T21:02:23","date_gmt":"2020-12-12T20:02:23","guid":{"rendered":"https:\/\/vacanzeideali.it\/appartamento\/il-contadino\/"},"modified":"2022-07-14T19:15:15","modified_gmt":"2022-07-14T17:15:15","slug":"il-contadino","status":"publish","type":"appartamento","link":"https:\/\/vacanzeideali.it\/fr\/appartement\/il-contadino\/","title":{"rendered":"Il Contadino"},"content":{"rendered":"\n<figure class=\"wp-block-table is-style-stripes\"><table class=\"has-background\" style=\"background-color:#f3f4f5\"><tbody><tr><td><strong>1\u00b0ETAGE<\/strong><\/td><td><strong>MEZZANINE<\/strong><\/td><\/tr><tr><td>S\u00e9jour avec canap\u00e9-lit<br \/>D\u00e9jeuner avec kitchenette<br \/>Chambre Double<br \/>Salle de bain avec douche<\/td><td>2 lits simples <em>(ou<\/em><br \/><em> espace d\u00e9tente)<\/em><\/td><\/tr><tr><td><strong>Loggia d\u00e9couverte<\/strong> &#8211; <strong>Jardin priv\u00e9<\/strong><\/td><td><\/td><\/tr><\/tbody><\/table><\/figure>\n\n<p class=\"has-text-align-center wp-block-paragraph\"><strong>** L&rsquo;h\u00e9bergement est \u00e9quip\u00e9 d&rsquo;un syst\u00e8me de climatisation **<\/strong><\/p>\n","protected":false},"featured_media":7425,"template":"","alloggio":[585019415],"tipologia":[585019370],"class_list":["post-8017","appartamento","type-appartamento","status-publish","has-post-thumbnail","hentry","alloggio-il-contadino-fr","tipologia-appartements-trois-pieces"],"acf":[],"_links":{"self":[{"href":"https:\/\/vacanzeideali.it\/fr\/wp-json\/wp\/v2\/appartamento\/8017","targetHints":{"allow":["GET"]}}],"collection":[{"href":"https:\/\/vacanzeideali.it\/fr\/wp-json\/wp\/v2\/appartamento"}],"about":[{"href":"https:\/\/vacanzeideali.it\/fr\/wp-json\/wp\/v2\/types\/appartamento"}],"wp:featuredmedia":[{"embeddable":true,"href":"https:\/\/vacanzeideali.it\/fr\/wp-json\/wp\/v2\/media\/7425"}],"wp:attachment":[{"href":"https:\/\/vacanzeideali.it\/fr\/wp-json\/wp\/v2\/media?parent=8017"}],"wp:term":[{"taxonomy":"alloggio","embeddable":true,"href":"https:\/\/vacanzeideali.it\/fr\/wp-json\/wp\/v2\/alloggio?post=8017"},{"taxonomy":"tipologia","embeddable":true,"href":"https:\/\/vacanzeideali.it\/fr\/wp-json\/wp\/v2\/tipologia?post=8017"}],"curies":[{"name":"wp","href":"https:\/\/api.w.org\/{rel}","templated":true}]}}

<figure class="wp-block-table is-style-stripes"><table class="has-background" style="background-color:#f3f4f5"><tbody><tr><td><strong>1°ETAGE</strong></td><td><strong>MEZZANINE</strong></td></tr><tr><td>Séjour avec canapé-lit<br />Déjeuner avec kitchenette<br />Chambre Double<br />Salle de bain avec douche</td><td>2 lits simples <em>(ou</em><br /><em> espace détente)</em></td></tr><tr><td><strong>Loggia découverte</strong> &#8211; <strong>Jardin privé</strong></td><td></td></tr></tbody></table></figure>

<p class="has-text-align-center wp-block-paragraph"><strong>** L&rsquo;hébergement est équipé d&rsquo;un système de climatisation **</strong></p>
