{"id":8019,"date":"2020-12-13T00:30:11","date_gmt":"2020-12-12T23:30:11","guid":{"rendered":"https:\/\/vacanzeideali.it\/appartamento\/agilla-e-trasimeno\/"},"modified":"2022-07-14T19:11:47","modified_gmt":"2022-07-14T17:11:47","slug":"agilla-e-trasimeno","status":"publish","type":"appartamento","link":"https:\/\/vacanzeideali.it\/fr\/appartement\/agilla-e-trasimeno\/","title":{"rendered":"Agilla e Trasimeno"},"content":{"rendered":"\n<figure class=\"wp-block-table is-style-stripes\"><table class=\"has-background\" style=\"background-color:#f3f4f5\"><tbody><tr><td><strong>REZ DE CHAUSS\u00c9E<\/strong><\/td><td><strong>1\u00b0ETAGE<\/strong><\/td><\/tr><tr><td>S\u00e9jour avec canap\u00e9-lit<br \/>Kitchenette \u00e9quip\u00e9e (complet avec r\u00e9frig\u00e9rateur et lave-vaisselle)<br \/>Chambre Double<br \/>Salle de bain avec douche<\/td><td>Chambre double \/<br \/><em>(ou version avec 2 lits simples)<\/em><br \/>Salle de bain avec douche<\/td><\/tr><tr><td><strong>Patio<\/strong> &#8211; <strong>Jardin Priv\u00e9<\/strong><\/td><td><\/td><\/tr><\/tbody><\/table><\/figure>\n\n<p class=\"has-text-align-center wp-block-paragraph\"><strong>** L&rsquo;h\u00e9bergement est \u00e9quip\u00e9 d&rsquo;un syst\u00e8me de climatisation **<\/strong><\/p>\n","protected":false},"featured_media":7638,"template":"","alloggio":[585019385],"tipologia":[585019370],"class_list":["post-8019","appartamento","type-appartamento","status-publish","has-post-thumbnail","hentry","alloggio-agilla-e-trasimeno-fr","tipologia-appartements-trois-pieces"],"acf":[],"_links":{"self":[{"href":"https:\/\/vacanzeideali.it\/fr\/wp-json\/wp\/v2\/appartamento\/8019","targetHints":{"allow":["GET"]}}],"collection":[{"href":"https:\/\/vacanzeideali.it\/fr\/wp-json\/wp\/v2\/appartamento"}],"about":[{"href":"https:\/\/vacanzeideali.it\/fr\/wp-json\/wp\/v2\/types\/appartamento"}],"wp:featuredmedia":[{"embeddable":true,"href":"https:\/\/vacanzeideali.it\/fr\/wp-json\/wp\/v2\/media\/7638"}],"wp:attachment":[{"href":"https:\/\/vacanzeideali.it\/fr\/wp-json\/wp\/v2\/media?parent=8019"}],"wp:term":[{"taxonomy":"alloggio","embeddable":true,"href":"https:\/\/vacanzeideali.it\/fr\/wp-json\/wp\/v2\/alloggio?post=8019"},{"taxonomy":"tipologia","embeddable":true,"href":"https:\/\/vacanzeideali.it\/fr\/wp-json\/wp\/v2\/tipologia?post=8019"}],"curies":[{"name":"wp","href":"https:\/\/api.w.org\/{rel}","templated":true}]}}

<figure class="wp-block-table is-style-stripes"><table class="has-background" style="background-color:#f3f4f5"><tbody><tr><td><strong>REZ DE CHAUSSÉE</strong></td><td><strong>1°ETAGE</strong></td></tr><tr><td>Séjour avec canapé-lit<br />Kitchenette équipée (complet avec réfrigérateur et lave-vaisselle)<br />Chambre Double<br />Salle de bain avec douche</td><td>Chambre double /<br /><em>(ou version avec 2 lits simples)</em><br />Salle de bain avec douche</td></tr><tr><td><strong>Patio</strong> &#8211; <strong>Jardin Privé</strong></td><td></td></tr></tbody></table></figure>

<p class="has-text-align-center wp-block-paragraph"><strong>** L&rsquo;hébergement est équipé d&rsquo;un système de climatisation **</strong></p>
