{"id":8020,"date":"2020-12-13T00:31:28","date_gmt":"2020-12-12T23:31:28","guid":{"rendered":"https:\/\/vacanzeideali.it\/appartamento\/letrusco\/"},"modified":"2022-07-14T19:11:32","modified_gmt":"2022-07-14T17:11:32","slug":"letrusco","status":"publish","type":"appartamento","link":"https:\/\/vacanzeideali.it\/fr\/appartement\/letrusco\/","title":{"rendered":"L&rsquo;Etrusco"},"content":{"rendered":"\n<figure class=\"wp-block-table is-style-stripes\"><table class=\"has-background\" style=\"background-color:#f3f4f5\"><tbody><tr><td><strong>REZ DE CHAUSS\u00c9E<\/strong><\/td><td><\/td><\/tr><tr><td>S\u00e9jour avec canap\u00e9-lit<br \/>Kitchenette \u00e9quip\u00e9e (complet avec r\u00e9frig\u00e9rateur et lave-vaisselle)<br \/>Chambre Double<br \/>Salle de bain avec douche<\/td><td><\/td><\/tr><tr><td><strong>Patio &#8211; Tr\u00e8s grande terrasse<\/strong><\/td><td><\/td><\/tr><\/tbody><\/table><\/figure>\n\n<p class=\"has-text-align-center wp-block-paragraph\"><strong>** L&rsquo;h\u00e9bergement est \u00e9quip\u00e9 d&rsquo;un syst\u00e8me de climatisation **<\/strong><\/p>\n","protected":false},"featured_media":7203,"template":"","alloggio":[585019380],"tipologia":[585019367],"class_list":["post-8020","appartamento","type-appartamento","status-publish","has-post-thumbnail","hentry","alloggio-etrusco-fr","tipologia-appartements-deux-pieces"],"acf":[],"_links":{"self":[{"href":"https:\/\/vacanzeideali.it\/fr\/wp-json\/wp\/v2\/appartamento\/8020","targetHints":{"allow":["GET"]}}],"collection":[{"href":"https:\/\/vacanzeideali.it\/fr\/wp-json\/wp\/v2\/appartamento"}],"about":[{"href":"https:\/\/vacanzeideali.it\/fr\/wp-json\/wp\/v2\/types\/appartamento"}],"wp:featuredmedia":[{"embeddable":true,"href":"https:\/\/vacanzeideali.it\/fr\/wp-json\/wp\/v2\/media\/7203"}],"wp:attachment":[{"href":"https:\/\/vacanzeideali.it\/fr\/wp-json\/wp\/v2\/media?parent=8020"}],"wp:term":[{"taxonomy":"alloggio","embeddable":true,"href":"https:\/\/vacanzeideali.it\/fr\/wp-json\/wp\/v2\/alloggio?post=8020"},{"taxonomy":"tipologia","embeddable":true,"href":"https:\/\/vacanzeideali.it\/fr\/wp-json\/wp\/v2\/tipologia?post=8020"}],"curies":[{"name":"wp","href":"https:\/\/api.w.org\/{rel}","templated":true}]}}

<figure class="wp-block-table is-style-stripes"><table class="has-background" style="background-color:#f3f4f5"><tbody><tr><td><strong>REZ DE CHAUSSÉE</strong></td><td></td></tr><tr><td>Séjour avec canapé-lit<br />Kitchenette équipée (complet avec réfrigérateur et lave-vaisselle)<br />Chambre Double<br />Salle de bain avec douche</td><td></td></tr><tr><td><strong>Patio &#8211; Très grande terrasse</strong></td><td></td></tr></tbody></table></figure>

<p class="has-text-align-center wp-block-paragraph"><strong>** L&rsquo;hébergement est équipé d&rsquo;un système de climatisation **</strong></p>
