{"id":8023,"date":"2020-12-13T00:33:03","date_gmt":"2020-12-12T23:33:03","guid":{"rendered":"https:\/\/vacanzeideali.it\/appartamento\/la-cantina\/"},"modified":"2022-07-14T19:13:32","modified_gmt":"2022-07-14T17:13:32","slug":"la-cantina","status":"publish","type":"appartamento","link":"https:\/\/vacanzeideali.it\/fr\/appartement\/la-cantina\/","title":{"rendered":"La Cantina"},"content":{"rendered":"\n<figure class=\"wp-block-table is-style-stripes\"><table class=\"has-background\" style=\"background-color:#f3f4f5\"><tbody><tr><td><strong>REZ DE CHAUSS\u00c9E<\/strong><\/td><td><\/td><\/tr><tr><td>S\u00e9jour avec canap\u00e9-lit<br \/>Kitchenette \u00e9quip\u00e9e (complet avec r\u00e9frig\u00e9rateur et lave-vaisselle)<br \/>Chambre Double<br \/>Salle de bain avec douche<\/td><td><\/td><\/tr><tr><td><strong>Jardin cl\u00f4tur\u00e9 priv\u00e9 <em>(id\u00e9al pour les animaux)<\/em><\/strong><\/td><td><\/td><\/tr><\/tbody><\/table><\/figure>\n\n<p class=\"has-text-align-center wp-block-paragraph\"><strong>** L&rsquo;h\u00e9bergement est \u00e9quip\u00e9 d&rsquo;un syst\u00e8me de climatisation **<\/strong><\/p>\n","protected":false},"featured_media":7689,"template":"","alloggio":[585019406],"tipologia":[585019367],"class_list":["post-8023","appartamento","type-appartamento","status-publish","has-post-thumbnail","hentry","alloggio-la-cantina-fr","tipologia-appartements-deux-pieces"],"acf":[],"_links":{"self":[{"href":"https:\/\/vacanzeideali.it\/fr\/wp-json\/wp\/v2\/appartamento\/8023","targetHints":{"allow":["GET"]}}],"collection":[{"href":"https:\/\/vacanzeideali.it\/fr\/wp-json\/wp\/v2\/appartamento"}],"about":[{"href":"https:\/\/vacanzeideali.it\/fr\/wp-json\/wp\/v2\/types\/appartamento"}],"wp:featuredmedia":[{"embeddable":true,"href":"https:\/\/vacanzeideali.it\/fr\/wp-json\/wp\/v2\/media\/7689"}],"wp:attachment":[{"href":"https:\/\/vacanzeideali.it\/fr\/wp-json\/wp\/v2\/media?parent=8023"}],"wp:term":[{"taxonomy":"alloggio","embeddable":true,"href":"https:\/\/vacanzeideali.it\/fr\/wp-json\/wp\/v2\/alloggio?post=8023"},{"taxonomy":"tipologia","embeddable":true,"href":"https:\/\/vacanzeideali.it\/fr\/wp-json\/wp\/v2\/tipologia?post=8023"}],"curies":[{"name":"wp","href":"https:\/\/api.w.org\/{rel}","templated":true}]}}

<figure class="wp-block-table is-style-stripes"><table class="has-background" style="background-color:#f3f4f5"><tbody><tr><td><strong>REZ DE CHAUSSÉE</strong></td><td></td></tr><tr><td>Séjour avec canapé-lit<br />Kitchenette équipée (complet avec réfrigérateur et lave-vaisselle)<br />Chambre Double<br />Salle de bain avec douche</td><td></td></tr><tr><td><strong>Jardin clôturé privé <em>(idéal pour les animaux)</em></strong></td><td></td></tr></tbody></table></figure>

<p class="has-text-align-center wp-block-paragraph"><strong>** L&rsquo;hébergement est équipé d&rsquo;un système de climatisation **</strong></p>
