{"id":8025,"date":"2020-12-13T00:34:21","date_gmt":"2020-12-12T23:34:21","guid":{"rendered":"https:\/\/vacanzeideali.it\/appartamento\/isola-minore\/"},"modified":"2022-07-14T19:12:09","modified_gmt":"2022-07-14T17:12:09","slug":"isola-minore","status":"publish","type":"appartamento","link":"https:\/\/vacanzeideali.it\/fr\/appartement\/isola-minore\/","title":{"rendered":"Isola Minore"},"content":{"rendered":"\n<figure class=\"wp-block-table is-style-stripes\"><table class=\"has-background\" style=\"background-color:#f3f4f5\"><tbody><tr><td><strong>REZ DE CHAUSS\u00c9E<\/strong><\/td><td><\/td><\/tr><tr><td>Chambre Double<br \/>Coin de lecture avec bureau<br \/>Mini-Frigo<br \/>Salle de bain avec douche<\/td><td><\/td><\/tr><tr><td><\/td><td><\/td><\/tr><\/tbody><\/table><\/figure>\n\n<p class=\"has-text-align-center wp-block-paragraph\"><strong>** L&rsquo;h\u00e9bergement est \u00e9quip\u00e9 d&rsquo;un syst\u00e8me de climatisation **<\/strong><\/p>\n","protected":false},"featured_media":12540,"template":"","alloggio":[585019392],"tipologia":[585019361],"class_list":["post-8025","appartamento","type-appartamento","status-publish","has-post-thumbnail","hentry","alloggio-isola-minore-fr","tipologia-chambre-double"],"acf":[],"_links":{"self":[{"href":"https:\/\/vacanzeideali.it\/fr\/wp-json\/wp\/v2\/appartamento\/8025","targetHints":{"allow":["GET"]}}],"collection":[{"href":"https:\/\/vacanzeideali.it\/fr\/wp-json\/wp\/v2\/appartamento"}],"about":[{"href":"https:\/\/vacanzeideali.it\/fr\/wp-json\/wp\/v2\/types\/appartamento"}],"wp:featuredmedia":[{"embeddable":true,"href":"https:\/\/vacanzeideali.it\/fr\/wp-json\/wp\/v2\/media\/12540"}],"wp:attachment":[{"href":"https:\/\/vacanzeideali.it\/fr\/wp-json\/wp\/v2\/media?parent=8025"}],"wp:term":[{"taxonomy":"alloggio","embeddable":true,"href":"https:\/\/vacanzeideali.it\/fr\/wp-json\/wp\/v2\/alloggio?post=8025"},{"taxonomy":"tipologia","embeddable":true,"href":"https:\/\/vacanzeideali.it\/fr\/wp-json\/wp\/v2\/tipologia?post=8025"}],"curies":[{"name":"wp","href":"https:\/\/api.w.org\/{rel}","templated":true}]}}

<figure class="wp-block-table is-style-stripes"><table class="has-background" style="background-color:#f3f4f5"><tbody><tr><td><strong>REZ DE CHAUSSÉE</strong></td><td></td></tr><tr><td>Chambre Double<br />Coin de lecture avec bureau<br />Mini-Frigo<br />Salle de bain avec douche</td><td></td></tr><tr><td></td><td></td></tr></tbody></table></figure>

<p class="has-text-align-center wp-block-paragraph"><strong>** L&rsquo;hébergement est équipé d&rsquo;un système de climatisation **</strong></p>
