{"id":8028,"date":"2020-12-13T00:39:29","date_gmt":"2020-12-12T23:39:29","guid":{"rendered":"https:\/\/vacanzeideali.it\/appartamento\/la-capanna\/"},"modified":"2022-07-14T19:12:53","modified_gmt":"2022-07-14T17:12:53","slug":"la-capanna","status":"publish","type":"appartamento","link":"https:\/\/vacanzeideali.it\/fr\/appartement\/la-capanna\/","title":{"rendered":"La Capanna"},"content":{"rendered":"\n<figure class=\"wp-block-table is-style-stripes\"><table class=\"has-background\" style=\"background-color:#f3f4f5\"><tbody><tr><td><strong>REZ DE CHAUSS\u00c9E<\/strong><\/td><td><\/td><\/tr><tr><td>Chambre simple compos\u00e9e de:<br \/>S\u00e9jour \/ salle \u00e0 manger avec kitchenette<br \/>&#8211; Canap\u00e9-lit double<br \/>&#8211; lit double<br \/>Salle de bain avec douche<\/td><td><\/td><\/tr><tr><td><strong>Pergola couverte de m\u00e8tres carr\u00e9s. 12?<\/strong><\/td><td><\/td><\/tr><\/tbody><\/table><\/figure>\n\n<p class=\"has-text-align-center wp-block-paragraph\"><strong>** L&rsquo;h\u00e9bergement est \u00e9quip\u00e9 d&rsquo;un syst\u00e8me de climatisation **<\/strong><\/p>\n","protected":false},"featured_media":7503,"template":"","alloggio":[585019402],"tipologia":[585019364],"class_list":["post-8028","appartamento","type-appartamento","status-publish","has-post-thumbnail","hentry","alloggio-la-capanna-fr","tipologia-studio-appartements"],"acf":[],"_links":{"self":[{"href":"https:\/\/vacanzeideali.it\/fr\/wp-json\/wp\/v2\/appartamento\/8028","targetHints":{"allow":["GET"]}}],"collection":[{"href":"https:\/\/vacanzeideali.it\/fr\/wp-json\/wp\/v2\/appartamento"}],"about":[{"href":"https:\/\/vacanzeideali.it\/fr\/wp-json\/wp\/v2\/types\/appartamento"}],"wp:featuredmedia":[{"embeddable":true,"href":"https:\/\/vacanzeideali.it\/fr\/wp-json\/wp\/v2\/media\/7503"}],"wp:attachment":[{"href":"https:\/\/vacanzeideali.it\/fr\/wp-json\/wp\/v2\/media?parent=8028"}],"wp:term":[{"taxonomy":"alloggio","embeddable":true,"href":"https:\/\/vacanzeideali.it\/fr\/wp-json\/wp\/v2\/alloggio?post=8028"},{"taxonomy":"tipologia","embeddable":true,"href":"https:\/\/vacanzeideali.it\/fr\/wp-json\/wp\/v2\/tipologia?post=8028"}],"curies":[{"name":"wp","href":"https:\/\/api.w.org\/{rel}","templated":true}]}}

<figure class="wp-block-table is-style-stripes"><table class="has-background" style="background-color:#f3f4f5"><tbody><tr><td><strong>REZ DE CHAUSSÉE</strong></td><td></td></tr><tr><td>Chambre simple composée de:<br />Séjour / salle à manger avec kitchenette<br />&#8211; Canapé-lit double<br />&#8211; lit double<br />Salle de bain avec douche</td><td></td></tr><tr><td><strong>Pergola couverte de mètres carrés. 12?</strong></td><td></td></tr></tbody></table></figure>

<p class="has-text-align-center wp-block-paragraph"><strong>** L&rsquo;hébergement est équipé d&rsquo;un système de climatisation **</strong></p>
